36 is divided by w(m).
17
Let j(r) = 9*r**2 + 199*r + 399. Calculate the remainder when 1/(-5) + 916/5 is divided by j(-2).
35
Calculate the remainder when 27 is divided by (-492)/(-36) + -15 + (-40)/(-3).
3
Let z = -391 + 1684. Let m = -828 + z. What is the remainder when m is divided by 39?
36
Suppose 5*w - 179 = -3*m - 25, 0 = -5*w + 4*m + 133. What is the remainder when 2406 is divided by w?
28
Let r = -168 - -92. Let o = r - -59. Let w(m) = m + 51. What is the remainder when w(o) is divided by 9?
7
Let a = -38 + 56. Let w = -65 - -64. Calculate the remainder when w/2 + (-824)/(-16) is divided by a.
15
Suppose -5*k + a + 319 + 521 = 0, -2*a = k - 157. Let w = k + 63. Calculate the remainder when w is divided by 47.
42
Let g(o) = -o**3 + 9*o**2 + 3*o. Let t(z) = 2*z**2 - 5*z + 70. Calculate the remainder when t(8) is divided by g(9).
23
Suppose 2083*t - 63858 = 2054*t. What is the remainder when t is divided by 85?
77
Suppose 0*b + 4*b = -2*w + 62, 5*b + w - 82 = 0. Let q(m) = -3*m + 88. Calculate the remainder when 102 is divided by q(b).
28
Let o(m) = -m**2 - 6*m + 4. Suppose 6 = 10*w + 35 - 120 + 1. What is the remainder when o(-5) is divided by w?
0
Let z(q) = 10*q - 57*q + 26*q - 47. Calculate the remainder when z(-8) is divided by 42.
37
Suppose 152 = -2*p + 416. Let c = p + -119. Calculate the remainder when 58 is divided by c.
6
Suppose 12*k - 33 = 51. What is the remainder when 53 is divided by (-8)/(-14) + (576/k)/3?
25
Suppose 0 = -3*c + 4*f - 257, -3*c - 360 = c - f. Let a = 172 + c. Calculate the remainder when a is divided by 14.
11
Suppose 4*l = -5 - 7. What is the remainder when 53 is divided by l/((-3)/(-16)*64/(-80))?
13
Let z(n) = n**3 - 18*n**2 - 5*n + 3. Let o be z(16). Let w = o + 604. Calculate the remainder when 27 is divided by w.
12
Let r(j) = j**2 - 7*j + 10. Let w be (-33)/(-6) - 24/(-16). Let i be r(w). What is the remainder when 28 is divided by 76/i + (-8)/(-20)?
4
Let j(q) = -q**3 + 28*q**2 - 50*q - 37. Let l = 92 - -41. Calculate the remainder when l is divided by j(26).
13
Let z = -54 - -75. Let h(q) = 2*q - 21*q + q - z - 20*q. What is the remainder when h(-4) is divided by 19?
17
Let u be (-6)/(-8) + 594/(-88). Let s be (-4)/u + (-94)/(-3). Suppose -2*i = -h - 6*i - 8, 4*i = 2*h - s. What is the remainder when 54 is divided by h?
6
Let q = -22887 + 22935. What is the remainder when 111 is divided by q?
15
What is the remainder when 1367 is divided by 2295/18 - -9 - (-5)/10?
134
Let h = -252 - -359. Let n = h + -25. Calculate the remainder when n is divided by 18.
10
Suppose 4*y = 0, 4*y + 3*y + 36 = 2*x + 4*y. Calculate the remainder when 92 is divided by x.
2
Let q = 73 - 70. Suppose 192 = -3*x + q*f, -x - 266 = 3*x + f. Let b = x - -88. What is the remainder when 86 is divided by b?
20
Let t(l) = 9*l**2 - 17*l - 34. Let r(f) = -9*f - 20. What is the remainder when r(-14) is divided by t(-2)?
34
Suppose 15116 = 3*v + 5*y, v + 4*y - 1758 = 3283. Calculate the remainder when v is divided by 40.
37
Suppose -5*q + 178 - 52 = 13*q. Let u = 2 + -2. Suppose u*v + 357 = q*v. Calculate the remainder when 101 is divided by v.
50
Suppose -7*a + a = -498. Suppose 35*x - 269 = 116. What is the remainder when a is divided by x?
6
Let g be 4*63/(-18)*98/(-4). Suppose g = -11*p + 18*p. Let f = p + -38. What is the remainder when 85 is divided by f?
8
Suppose 0 = -4*b - 5*y + 193, -4*b + y + 41 = -122. Suppose -6*a + b + 54 = 0. What is the remainder when 271 is divided by a?
15
Let d(l) = l**3 + 3*l**2 - l - 6. Let k be d(-3). Suppose o = -2*o + 6, 4*o + 112 = 2*v. What is the remainder when 9/3*(k + 62) is divided by v?
57
Suppose -169*f = 94*f - 42853 + 5244. Calculate the remainder when 254 is divided by f.
111
Suppose 4*x = 4*w - 52, 2*w - x = -0*x + 22. Suppose 5*l + 2 = -s, w*l = 3*s + 11*l - 33. Let g(v) = 4*v - 3. Calculate the remainder when s is divided by g(3).
4
Let r(w) = -15*w + 63. Let x be r(12). Let t = x - -137. What is the remainder when 47 is divided by t?
7
Let w be -2 - (-17)/(-1) - -1. Let b be (-432)/(-12) + 4/(8/(-14)). Let i = b + w. What is the remainder when i is divided by 6?
5
Let y = 122601 + -122558. Let q(b) = -b + 299. What is the remainder when q(0) is divided by y?
41
Suppose -v + 202 = -2*c, -2*c = -6*v + 11*v - 938. What is the remainder when 213 is divided by v?
23
Let o(r) = 8*r**2 + 219*r - 193. Let t(p) = -2*p**2 - 55*p + 48. Let u(d) = 2*o(d) + 9*t(d). What is the remainder when u(-27) is divided by 47?
33
Let b = 16010 - 15988. Calculate the remainder when 704 is divided by b.
0
Let z be (-3)/2*2*(-8018)/114. What is the remainder when z + (4 - (10 - 5))*1 is divided by 53?
51
Let b(a) = -2*a**3 - 13*a**2 - 17*a - 7. Let f be b(-5). Calculate the remainder when 87 is divided by 6/f + (8 + -5 - -17).
21
Suppose -17*p + 34 + 51 = 0. Suppose y = 5, 3*f - p*y + 8*y - 141 = 0. What is the remainder when f is divided by 41?
1
Let j = 41 - 17. Let a(q) = -25 + 0*q**3 - 10*q**2 + 11*q - j + 42 + q**3. What is the remainder when 19 is divided by a(9)?
8
Suppose 0 = -2*l - 5*w + 116, 2*w - 309 = -5*l - w. What is the remainder when 188 is divided by l?
62
Let u = 2828 - 1662. Calculate the remainder when u is divided by 146.
144
Let f = 126319 + -126263. Suppose 2*v - 2*a - 896 = 2*a, -3*v - 3*a + 1335 = 0. What is the remainder when v is divided by f?
54
Suppose -15*c = -18*c + 90. Suppose -r = 12 - c. Calculate the remainder when 70 is divided by r.
16
Let f(k) = -179*k**3 + 2*k**2 - 2. Suppose 3*x = 63 + 39. Suppose 0 = -2*o - 0*j + 2*j + x, -4*o - 5*j = -95. What is the remainder when f(-1) is divided by o?
19
Let y = 135 + 10. Suppose -w - 282*z + 281*z + 61 = -0*w, 36 = 3*z. Calculate the remainder when y is divided by w.
47
Suppose 26*z - 49 = 19*z. Suppose 2*j - 792 = -4*b, -2*j = 2*b - z*b + 972. Suppose 10*g - 14*g = -b. What is the remainder when g is divided by 13?
10
Let t = 171 - 169. Suppose -y + 2*s = -221, t*y - 5*s + 8*s = 421. Calculate the remainder when y is divided by 31.
29
Let n(t) = 265*t + 1475. Calculate the remainder when 181 is divided by n(-5).
31
Let r = -4263 - -4444. What is the remainder when 768 is divided by r?
44
Let t(j) = -2*j**2 + 450*j + 11971. Let c(l) = 2*l**3 - 2*l**2 - 2*l + 6. What is the remainder when c(4) is divided by t(-24)?
18
Suppose -2*j + 8*j + 36 = 0. Suppose -2*y = 4*y - 60. What is the remainder when y is divided by 1 - (-4)/j - (-60)/9?
3
Suppose 1008864 = 68*f + 45*f. What is the remainder when f is divided by 95?
93
Let w = 450 + -398. What is the remainder when w is divided by -32*(8 + -3)/(-5)?
20
Suppose -126*o - 2734 + 15225 - 395 = 0. What is the remainder when 2799 is divided by o?
15
Suppose 4*g - z - 8 = 0, -2 - 6 = -4*g + 3*z. Let p = -5 + 4. What is the remainder when 13 is divided by g*p/((-7)/(140/8))?
3
Let d(o) = -5*o**2 + 23*o + 12. Let p be d(6). Calculate the remainder when 9 is divided by 5 + 5/p*-6.
3
Let k be 30/36 - 294/(-36). Suppose 16*b = k*b + 112. What is the remainder when 302 is divided by b?
14
Let p be 99/27 + (-2)/3. Suppose 0 = 2*z + 6, -z = p*b - 0*b - 843. Suppose 5*l = -l + b. What is the remainder when l is divided by 26?
21
Let y(b) = b**3 + 316*b**2 + 607*b - 6442. Let f = 38 + 14. What is the remainder when y(-314) is divided by f?
48
What is the remainder when 607600/308 + (-15)/(-110)*2 is divided by 5?
3
Suppose 20*w - 925 = 7*w - 24*w. Calculate the remainder when 1710 is divided by w.
10
Let m = -39 + 65. What is the remainder when (-18 - -6) + (106 - -8) is divided by m?
24
Let n(s) = s**2 - 16*s + 11. Suppose 79 = 5*i + 3*u, 5*i + 9 = -u + 92. What is the remainder when 107 is divided by n(i)?
23
Let i be 2/5*5270/(-124). Let u(o) = -o**3 - o**2 - 5*o - 3. Let l be u(-3). Let f = l + i. What is the remainder when 50 is divided by f?
11
Let c(r) be the third derivative of -r**6/30 + 7*r**5/60 + r**4/2 + r**3/2 + r**2 - 246. What is the remainder when c(-3) is divided by 71?
67
Let f(l) = 6*l**2 + 4 - 31 - 1 - 8 + 23*l. Let v(j) = 5*j**2 + 23*j - 35. Let d(w) = -6*f(w) + 7*v(w). Calculate the remainder when 34 is divided by d(21).
8
Let u(r) = -1 - 1 + 3*r**2 - r**3 - r**2 - 2*r + 1. Suppose 63 - 70 = -z. Calculate the remainder when u(-2) is divided by z.
5
Suppose 2*k + 3*v - 